{"id":168,"date":"2025-03-01T15:07:49","date_gmt":"2025-03-01T12:07:49","guid":{"rendered":"https:\/\/tarmakder.org.tr\/tarmek2025\/?page_id=168"},"modified":"2025-07-23T00:57:44","modified_gmt":"2025-07-22T21:57:44","slug":"konaklama","status":"publish","type":"page","link":"https:\/\/tarmakder.org.tr\/tarmek2025\/index.php\/konaklama\/","title":{"rendered":"KONAKLAMA"},"content":{"rendered":"\n<p class=\"has-text-align-center\"><strong>Konaklama Bilgilendirmesi<\/strong><\/p>\n\n\n\n<p class=\"has-text-align-center\">Kongre s\u00fcrecinde ula\u015f\u0131m ve organizasyon kolayl\u0131\u011f\u0131 a\u00e7\u0131s\u0131ndan, a\u015fa\u011f\u0131da bilgileri verilen tesiste konaklama yap\u0131lmas\u0131 b\u00fcy\u00fck kolayl\u0131k sa\u011flayacakt\u0131r.<br>Kat\u0131l\u0131mc\u0131lar\u0131m\u0131z\u0131n bu tesisi tercih etmeleri, planlamalar\u0131n daha verimli ilerlemesine katk\u0131 sunacakt\u0131r.<br><\/p>\n\n\n<div class=\"wp-block-image\">\n<figure class=\"aligncenter size-full\"><img loading=\"lazy\" decoding=\"async\" width=\"314\" height=\"167\" src=\"https:\/\/tarmakder.org.tr\/tarmek2025\/wp-content\/uploads\/2025\/07\/image-1.png\" alt=\"\" class=\"wp-image-507\" srcset=\"https:\/\/tarmakder.org.tr\/tarmek2025\/wp-content\/uploads\/2025\/07\/image-1.png 314w, https:\/\/tarmakder.org.tr\/tarmek2025\/wp-content\/uploads\/2025\/07\/image-1-300x160.png 300w\" sizes=\"auto, (max-width: 314px) 100vw, 314px\" \/><\/figure>\n<\/div>\n\n\n<p class=\"has-text-align-center\"><strong><span class=\"highlight\"><mark style=\"background-color:rgba(0, 0, 0, 0);color:#f906b8\" class=\"has-inline-color\">REZERVASYON \u0130\u00c7\u0130N<\/mark><\/span><\/strong>: <\/p>\n\n\n\n<p class=\"has-text-align-center\"><strong><mark style=\"background-color:rgba(0, 0, 0, 0);color:#fa08b9\" class=\"has-inline-color\">\u00d6\u011fr. G\u00f6r. Gizem AYAS Mardin Artuklu \u00dcniversitesi- gizemayas@artuklu.edu.tr, +905374362132<\/mark><\/strong><\/p>\n\n\n\n<p class=\"has-text-align-center\"><strong><mark style=\"background-color:rgba(0, 0, 0, 0);color:#f70bb8\" class=\"has-inline-color\">Not: De\u011ferli kat\u0131l\u0131mc\u0131lar; Rezervasyon i\u00e7in taraf\u0131n\u0131zca otel aranmayacak olup ileti\u015fimi bizim \u00fczerimizden kurman\u0131z \u00f6nem arz etmektedir.<\/mark><\/strong><\/p>\n\n\n\n<p class=\"has-text-align-center\"><strong><a href=\"https:\/\/www.bing.com\/maps?&amp;ty=0&amp;rtp=~pos.37.336918_40.695885_Diyarbak%C4%B1r%20Yolu%20Uzeri%201.Km%2047100%20Mardin%2FArtuklu_Yay%20Grand%20Otel__e_&amp;mode=m&amp;u=1&amp;tt=Yol%20tarifleri&amp;tsts1=%2526ty%253D0%2526rtp%253D~pos.37.336918_40.695885_Diyarbak%2525C4%2525B1r%252520Yolu%252520Uzeri%2525201.Km%25252047100%252520Mardin%25252FArtuklu_Yay%252520Grand%252520Otel__e_%2526mode%253Dm%2526u%253D1&amp;tstt1=Yol%20tarifleri&amp;tsts0=%2526ty%253D18%2526q%253Dyay%252520grand%252520otel%252520ula%2525C5%25259F%2525C4%2525B1m%2526ss%253Dypid.YN8184x505002427%2526mb%253D37.342432~40.683746~37.331121~40.707865%2526description%253DDiyarbak%2525C4%2525B1r%252520Yolu%252520Uzeri%2525201.Km%25252047100%252520Mardin%25252FArtuklu%2525C2%2525B7Otel%2526cardbg%253D%252523D161C4&amp;tstt0=Yay%20Grand%20Otel&amp;cp=37.336907~40.683987&amp;lvl=14.5&amp;pi=0&amp;ftst=1&amp;ftics=True&amp;v=2&amp;sV=2&amp;form=S00027\">YOL TAR\u0130F\u0130<\/a><\/strong> <\/p>\n\n\n\n<figure class=\"wp-block-image size-large\"><img loading=\"lazy\" decoding=\"async\" width=\"1024\" height=\"163\" src=\"https:\/\/tarmakder.org.tr\/tarmek2025\/wp-content\/uploads\/2025\/07\/image-2-1024x163.png\" alt=\"\" class=\"wp-image-509\" srcset=\"https:\/\/tarmakder.org.tr\/tarmek2025\/wp-content\/uploads\/2025\/07\/image-2-1024x163.png 1024w, https:\/\/tarmakder.org.tr\/tarmek2025\/wp-content\/uploads\/2025\/07\/image-2-300x48.png 300w, https:\/\/tarmakder.org.tr\/tarmek2025\/wp-content\/uploads\/2025\/07\/image-2-768x122.png 768w, https:\/\/tarmakder.org.tr\/tarmek2025\/wp-content\/uploads\/2025\/07\/image-2-1536x245.png 1536w, https:\/\/tarmakder.org.tr\/tarmek2025\/wp-content\/uploads\/2025\/07\/image-2.png 1644w\" sizes=\"auto, (max-width: 1024px) 100vw, 1024px\" \/><\/figure>\n\n\n\n<p class=\"has-text-align-left\">1. Minibar dolaplar\u0131nda ki\u015fi ba\u015f\u0131 0,5 litre su \u00fccretsizdir.<\/p>\n\n\n\n<p class=\"has-text-align-left\">2. Odalar\u0131m\u0131zda \u00e7ay-kahve-kettle ikram seti \u00fccretsizdir.<\/p>\n\n\n\n<p class=\"has-text-align-left\">3. Yukar\u0131da belirtilen BB fiyatlara oda + a\u00e7\u0131k b\u00fcfe sabah kahvalt\u0131s\u0131 d\u00e2hildir.<\/p>\n\n\n\n<p class=\"has-text-align-left\">4. Ak\u015fam yemeklerinde m\u00fcsaitli\u011fe g\u00f6re canl\u0131 m\u00fczik olacakt\u0131r, extra \u00fccret talep edilmeyecektir.<\/p>\n\n\n\n<p class=\"has-text-align-left\">5. Konaklama yapan misafirlerimiz; A\u00e7\u0131k ve Kapal\u0131 Y\u00fczme Havuzu, Fitness Center, Sauna, T\u00fcrk Hamam\u0131, Buhar Odas\u0131 ve Jakuzi b\u00f6l\u00fcmlerimizden \u00fccretsiz yararlanacakt\u0131r.<\/p>\n\n\n\n<p class=\"has-text-align-left\">6. Otel odalar\u0131 ve genel mek\u00e2nlarda Wireless (kablosuz internet ) kullan\u0131m\u0131 \u00fccretsizdir.<\/p>\n\n\n\n<p class=\"has-text-align-left\">7. Fiyatlar\u0131m\u0131za K.D.V. ve Konaklama Vergisi dahil olup net ve komisyonsuzdur.<\/p>\n\n\n\n<p class=\"has-text-align-left\">8. \u00c7ocuk misafirlerimizden; 0-6 ya\u015f aras\u0131 \u00fccretsiz (yeti\u015fkin yan\u0131nda kalan bir 0-6 ya\u015f aras\u0131 \u00e7ocuk \u00fccretsiz olup, ikinci 0-6 ya\u015f aras\u0131 \u00e7ocuk var ise biri 7-11 ya\u015f grubu \u00fczerinden fiyatland\u0131r\u0131l\u0131r). 7-11 ya\u015f aras\u0131 \u00e7ocuk misafirlerimizden yar\u0131m \u00fccret al\u0131n\u0131rken, 12 ya\u015f ve \u00fczeri yeti\u015fkin olarak fiyatland\u0131r\u0131lmaktad\u0131r.<\/p>\n\n\n\n<p>9. <strong><mark style=\"background-color:rgba(0, 0, 0, 0);color:#f714bb\" class=\"has-inline-color\">%30 \u00f6n \u00f6demesi yap\u0131lmam\u0131\u015f rezervasyonlar\u0131n\u0131z i\u00e7in \u00fclke ekonomik ko\u015fullar\u0131ndan kaynaklanan ola\u011fan\u00fcst\u00fc durumlardan dolay\u0131 taraf\u0131n\u0131za verilen oda fiyatlar\u0131nda revize hakk\u0131 sakl\u0131d\u0131r.<\/mark><\/strong><\/p>\n\n\n\n<p class=\"has-text-align-left\"><mark style=\"background-color:rgba(0, 0, 0, 0);color:#f109b3\" class=\"has-inline-color\"><strong>Not: <\/strong>Otel konaklamas\u0131 i\u00e7in \u00f6deme yap\u0131ld\u0131\u011f\u0131nda a\u00e7\u0131klama k\u0131sm\u0131nda kat\u0131l\u0131mc\u0131 ad\u0131- ki\u015fi say\u0131s\u0131- ve TARMEK 2025 Kongresi yaz\u0131lmas\u0131 gerekmektedir. Daha sonra dekont <strong>gizemayas@artuklu.edu.tr<\/strong> adresine g\u00f6nderilip gerekli bilgi yaz\u0131lmal\u0131d\u0131r.<\/mark><\/p>\n\n\n\n<p class=\"has-text-align-center\"><strong><mark style=\"background-color:rgba(0, 0, 0, 0)\" class=\"has-inline-color has-header-gradient-color\">OTEL \u0130\u00e7in \u00f6deme yap\u0131lacak iban Numaralar\u0131 a\u015fa\u011f\u0131da mevcuttur.<\/mark><\/strong><\/p>\n\n\n\n<p class=\"has-text-align-center\"><strong>YAY-DEN\u0130Z TUR\u0130ZM \u0130N\u015e. HAY. GIDA OTOM. VE PETROL \u00dcR\u00dcN.SAN.DI\u015e.T\u0130C.A.\u015e.<\/strong><br><strong>T\u00dcRK\u0130YE \u0130\u015e BANKASI<\/strong> MARD\u0130N \u015eUBE (TL) 6500 \/ 0541829 TR59 0006 4000 0016 5000 5418 29<br><strong>GARANT\u0130 BANKASI<\/strong> MARD\u0130N \u015eUBE (TL) 512\/ 6299512 TR68 0006 2000 5120 0006 2995 12<\/p>\n\n\n\n<figure class=\"wp-block-image size-large\"><img loading=\"lazy\" decoding=\"async\" width=\"1024\" height=\"359\" src=\"https:\/\/tarmakder.org.tr\/tarmek2025\/wp-content\/uploads\/2025\/07\/image-3-1024x359.png\" alt=\"\" class=\"wp-image-522\" srcset=\"https:\/\/tarmakder.org.tr\/tarmek2025\/wp-content\/uploads\/2025\/07\/image-3-1024x359.png 1024w, https:\/\/tarmakder.org.tr\/tarmek2025\/wp-content\/uploads\/2025\/07\/image-3-300x105.png 300w, https:\/\/tarmakder.org.tr\/tarmek2025\/wp-content\/uploads\/2025\/07\/image-3-768x270.png 768w, https:\/\/tarmakder.org.tr\/tarmek2025\/wp-content\/uploads\/2025\/07\/image-3-1536x539.png 1536w, https:\/\/tarmakder.org.tr\/tarmek2025\/wp-content\/uploads\/2025\/07\/image-3-2048x719.png 2048w\" sizes=\"auto, (max-width: 1024px) 100vw, 1024px\" \/><\/figure>\n\n\n\n<p class=\"has-text-align-center\"><\/p>\n\n\n\n<p class=\"has-text-align-center\"><a href=\"https:\/\/www.yaygrand.com\/tr\"><strong>YAY GRAND OTEL<\/strong><\/a><\/p>\n\n\n\n<p class=\"has-text-align-center\">&nbsp;&#8220;<strong>G\u00fcneydo\u011funun misafirperverli\u011fini ya\u015fayaca\u011f\u0131n\u0131z Yay Grand Hotel, sizleri Mardin&#8217;in mistik havas\u0131n\u0131 solumaya davet ediyor.<\/strong>&#8220;<br>&nbsp;<\/p>\n\n\n\n<figure class=\"wp-block-image size-large\"><img decoding=\"async\" src=\"https:\/\/www.yaygrand.com\/medias\/article\/big\/229\/mardin1.jpg\" alt=\"\"\/><\/figure>\n\n\n\n<figure class=\"wp-block-image size-large\"><img decoding=\"async\" src=\"https:\/\/www.yaygrand.com\/medias\/article\/big\/227\/yay.jpg\" alt=\"\"\/><\/figure>\n\n\n\n<figure class=\"wp-block-image size-large\"><img decoding=\"async\" src=\"https:\/\/www.yaygrand.com\/medias\/article\/big\/225\/yaygrandotel.jpg\" alt=\"\"\/><\/figure>\n\n\n\n<figure class=\"wp-block-image size-large\"><img decoding=\"async\" src=\"https:\/\/www.yaygrand.com\/medias\/article\/big\/230\/yaygrandotelmardin.jpg\" alt=\"\"\/><\/figure>\n\n\n\n<figure class=\"wp-block-image size-full\"><img loading=\"lazy\" decoding=\"async\" width=\"901\" height=\"302\" src=\"https:\/\/tarmakder.org.tr\/tarmek2025\/wp-content\/uploads\/2025\/06\/Odalar.png\" alt=\"\" class=\"wp-image-333\" srcset=\"https:\/\/tarmakder.org.tr\/tarmek2025\/wp-content\/uploads\/2025\/06\/Odalar.png 901w, https:\/\/tarmakder.org.tr\/tarmek2025\/wp-content\/uploads\/2025\/06\/Odalar-300x101.png 300w, https:\/\/tarmakder.org.tr\/tarmek2025\/wp-content\/uploads\/2025\/06\/Odalar-768x257.png 768w\" sizes=\"auto, (max-width: 901px) 100vw, 901px\" \/><\/figure>\n\n\n\n<figure class=\"wp-block-image size-large\"><img decoding=\"async\" src=\"https:\/\/www.yaygrand.com\/medias\/article\/big\/220\/2.jpg\" alt=\"\"\/><\/figure>\n\n\n\n<figure class=\"wp-block-image size-large\"><img decoding=\"async\" src=\"https:\/\/www.yaygrand.com\/medias\/article\/big\/192\/salon3.jpg\" alt=\"\"\/><\/figure>\n\n\n\n<figure class=\"wp-block-image size-full\"><img loading=\"lazy\" decoding=\"async\" width=\"1024\" height=\"768\" src=\"https:\/\/tarmakder.org.tr\/tarmek2025\/wp-content\/uploads\/2025\/07\/image-4.png\" alt=\"\" class=\"wp-image-527\" srcset=\"https:\/\/tarmakder.org.tr\/tarmek2025\/wp-content\/uploads\/2025\/07\/image-4.png 1024w, https:\/\/tarmakder.org.tr\/tarmek2025\/wp-content\/uploads\/2025\/07\/image-4-300x225.png 300w, https:\/\/tarmakder.org.tr\/tarmek2025\/wp-content\/uploads\/2025\/07\/image-4-768x576.png 768w\" sizes=\"auto, (max-width: 1024px) 100vw, 1024px\" \/><\/figure>\n\n\n\n<figure class=\"wp-block-image size-full\"><img loading=\"lazy\" decoding=\"async\" width=\"1024\" height=\"768\" src=\"https:\/\/tarmakder.org.tr\/tarmek2025\/wp-content\/uploads\/2025\/07\/image-5.png\" alt=\"\" class=\"wp-image-529\" srcset=\"https:\/\/tarmakder.org.tr\/tarmek2025\/wp-content\/uploads\/2025\/07\/image-5.png 1024w, https:\/\/tarmakder.org.tr\/tarmek2025\/wp-content\/uploads\/2025\/07\/image-5-300x225.png 300w, https:\/\/tarmakder.org.tr\/tarmek2025\/wp-content\/uploads\/2025\/07\/image-5-768x576.png 768w\" sizes=\"auto, (max-width: 1024px) 100vw, 1024px\" \/><\/figure>\n\n\n\n<figure class=\"wp-block-image size-full\"><img loading=\"lazy\" decoding=\"async\" width=\"1024\" height=\"683\" src=\"https:\/\/tarmakder.org.tr\/tarmek2025\/wp-content\/uploads\/2025\/07\/image-6.png\" alt=\"\" class=\"wp-image-531\" srcset=\"https:\/\/tarmakder.org.tr\/tarmek2025\/wp-content\/uploads\/2025\/07\/image-6.png 1024w, https:\/\/tarmakder.org.tr\/tarmek2025\/wp-content\/uploads\/2025\/07\/image-6-300x200.png 300w, https:\/\/tarmakder.org.tr\/tarmek2025\/wp-content\/uploads\/2025\/07\/image-6-768x512.png 768w, https:\/\/tarmakder.org.tr\/tarmek2025\/wp-content\/uploads\/2025\/07\/image-6-360x240.png 360w\" sizes=\"auto, (max-width: 1024px) 100vw, 1024px\" \/><\/figure>\n\n\n\n<p><\/p>\n\n\n\n<p><\/p>\n\n\n\n<p><\/p>\n\n\n\n<p class=\"has-text-align-center\"><a href=\"https:\/\/www.bing.com\/maps?&amp;ty=0&amp;rtp=~pos.37.336918_40.695885_Diyarbak%C4%B1r%20Yolu%20Uzeri%201.Km%2047100%20Mardin%2FArtuklu_Yay%20Grand%20Otel__e_&amp;mode=m&amp;u=1&amp;tt=Yol%20tarifleri&amp;tsts1=%2526ty%253D0%2526rtp%253D~pos.37.336918_40.695885_Diyarbak%2525C4%2525B1r%252520Yolu%252520Uzeri%2525201.Km%25252047100%252520Mardin%25252FArtuklu_Yay%252520Grand%252520Otel__e_%2526mode%253Dm%2526u%253D1&amp;tstt1=Yol%20tarifleri&amp;tsts0=%2526ty%253D18%2526q%253DDiyarbak%2525C4%2525B1r%252520Yolu%252520Uzeri%2525201.Km%25252047100%252520Mardin%25252FArtuklu%2525C2%2525B7Otel%2526ss%253Dypid.YN8184x505002427%2526mb%253D37.348686~40.654798~37.306466~40.75314%2526description%253DDiyarbak%2525C4%2525B1r%252520Yolu%252520Uzeri%2525201.Km%25252047100%252520Mardin%25252FArtuklu%2525C2%2525B7Otel%2526cardbg%253D%252523D161C4%2526dt%253D1753221600000&amp;tstt0=Yay%20Grand%20Otel&amp;cp=37.327579~40.688272&amp;lvl=14.1&amp;pi=0&amp;ftst=1&amp;ftics=True&amp;v=2&amp;sV=2&amp;form=S00027\"><strong>YAY GRAND OTEL<\/strong> <\/a><\/p>\n\n\n\n<p class=\"has-text-align-center\"><strong><a href=\"https:\/\/www.bing.com\/maps?&amp;ty=0&amp;rtp=~pos.37.336918_40.695885_Diyarbak%C4%B1r%20Yolu%20Uzeri%201.Km%2047100%20Mardin%2FArtuklu_Yay%20Grand%20Otel__e_&amp;mode=m&amp;u=1&amp;tt=Yol%20tarifleri&amp;tsts1=%2526ty%253D0%2526rtp%253D~pos.37.336918_40.695885_Diyarbak%2525C4%2525B1r%252520Yolu%252520Uzeri%2525201.Km%25252047100%252520Mardin%25252FArtuklu_Yay%252520Grand%252520Otel__e_%2526mode%253Dm%2526u%253D1&amp;tstt1=Yol%20tarifleri&amp;tsts0=%2526ty%253D18%2526q%253Dyay%252520grand%252520otel%252520ula%2525C5%25259F%2525C4%2525B1m%2526ss%253Dypid.YN8184x505002427%2526mb%253D37.342432~40.683746~37.331121~40.707865%2526description%253DDiyarbak%2525C4%2525B1r%252520Yolu%252520Uzeri%2525201.Km%25252047100%252520Mardin%25252FArtuklu%2525C2%2525B7Otel%2526cardbg%253D%252523D161C4&amp;tstt0=Yay%20Grand%20Otel&amp;cp=37.336907~40.683987&amp;lvl=14.5&amp;pi=0&amp;ftst=1&amp;ftics=True&amp;v=2&amp;sV=2&amp;form=S00027\">YOL TAR\u0130F\u0130<\/a><\/strong> <\/p>\n\n\n\n<figure class=\"wp-block-image size-large\"><a href=\"https:\/\/www.bing.com\/maps?&amp;ty=0&amp;rtp=~pos.37.336918_40.695885_Diyarbak%C4%B1r%20Yolu%20Uzeri%201.Km%2047100%20Mardin%2FArtuklu_Yay%20Grand%20Otel__e_&amp;mode=m&amp;u=1&amp;tt=Yol%20tarifleri&amp;tsts1=%2526ty%253D0%2526rtp%253D~pos.37.336918_40.695885_Diyarbak%2525C4%2525B1r%252520Yolu%252520Uzeri%2525201.Km%25252047100%252520Mardin%25252FArtuklu_Yay%252520Grand%252520Otel__e_%2526mode%253Dm%2526u%253D1&amp;tstt1=Yol%20tarifleri&amp;tsts0=%2526ty%253D18%2526q%253DDiyarbak%2525C4%2525B1r%252520Yolu%252520Uzeri%2525201.Km%25252047100%252520Mardin%25252FArtuklu%2525C2%2525B7Otel%2526ss%253Dypid.YN8184x505002427%2526mb%253D37.352902~40.646723~37.320909~40.721252%2526description%253DDiyarbak%2525C4%2525B1r%252520Yolu%252520Uzeri%2525201.Km%25252047100%252520Mardin%25252FArtuklu%2525C2%2525B7Otel%2526cardbg%253D%252523D161C4%2526dt%253D1753221600000&amp;tstt0=Yay%20Grand%20Otel&amp;cp=37.327564~40.704001&amp;lvl=14.11965&amp;pi=0&amp;ftst=1&amp;ftics=True&amp;v=2&amp;sV=2&amp;form=S00027\"><img loading=\"lazy\" decoding=\"async\" width=\"1024\" height=\"529\" src=\"https:\/\/tarmakder.org.tr\/tarmek2025\/wp-content\/uploads\/2025\/07\/image-7-1024x529.png\" alt=\"\" class=\"wp-image-539\" srcset=\"https:\/\/tarmakder.org.tr\/tarmek2025\/wp-content\/uploads\/2025\/07\/image-7-1024x529.png 1024w, https:\/\/tarmakder.org.tr\/tarmek2025\/wp-content\/uploads\/2025\/07\/image-7-300x155.png 300w, https:\/\/tarmakder.org.tr\/tarmek2025\/wp-content\/uploads\/2025\/07\/image-7-768x397.png 768w, https:\/\/tarmakder.org.tr\/tarmek2025\/wp-content\/uploads\/2025\/07\/image-7.png 1344w\" sizes=\"auto, (max-width: 1024px) 100vw, 1024px\" \/><\/a><\/figure>\n","protected":false},"excerpt":{"rendered":"<p>Konaklama Bilgilendirmesi Kongre s\u00fcrecinde ula\u015f\u0131m ve organizasyon kolayl\u0131\u011f\u0131 a\u00e7\u0131s\u0131ndan, a\u015fa\u011f\u0131da bilgileri verilen tesiste konaklama yap\u0131lmas\u0131 b\u00fcy\u00fck kolayl\u0131k sa\u011flayacakt\u0131r.Kat\u0131l\u0131mc\u0131lar\u0131m\u0131z\u0131n bu tesisi tercih etmeleri, planlamalar\u0131n daha verimli ilerlemesine katk\u0131 sunacakt\u0131r. REZERVASYON \u0130\u00c7\u0130N: \u00d6\u011fr. G\u00f6r. Gizem AYAS Mardin Artuklu \u00dcniversitesi- gizemayas@artuklu.edu.tr, +905374362132 Not: De\u011ferli kat\u0131l\u0131mc\u0131lar; Rezervasyon i\u00e7in taraf\u0131n\u0131zca otel aranmayacak olup ileti\u015fimi bizim [&hellip;]<\/p>\n","protected":false},"author":1,"featured_media":0,"parent":0,"menu_order":0,"comment_status":"closed","ping_status":"closed","template":"","meta":{"_themeisle_gutenberg_block_has_review":false,"footnotes":""},"class_list":["post-168","page","type-page","status-publish","hentry"],"_links":{"self":[{"href":"https:\/\/tarmakder.org.tr\/tarmek2025\/index.php\/wp-json\/wp\/v2\/pages\/168","targetHints":{"allow":["GET"]}}],"collection":[{"href":"https:\/\/tarmakder.org.tr\/tarmek2025\/index.php\/wp-json\/wp\/v2\/pages"}],"about":[{"href":"https:\/\/tarmakder.org.tr\/tarmek2025\/index.php\/wp-json\/wp\/v2\/types\/page"}],"author":[{"embeddable":true,"href":"https:\/\/tarmakder.org.tr\/tarmek2025\/index.php\/wp-json\/wp\/v2\/users\/1"}],"replies":[{"embeddable":true,"href":"https:\/\/tarmakder.org.tr\/tarmek2025\/index.php\/wp-json\/wp\/v2\/comments?post=168"}],"version-history":[{"count":24,"href":"https:\/\/tarmakder.org.tr\/tarmek2025\/index.php\/wp-json\/wp\/v2\/pages\/168\/revisions"}],"predecessor-version":[{"id":552,"href":"https:\/\/tarmakder.org.tr\/tarmek2025\/index.php\/wp-json\/wp\/v2\/pages\/168\/revisions\/552"}],"wp:attachment":[{"href":"https:\/\/tarmakder.org.tr\/tarmek2025\/index.php\/wp-json\/wp\/v2\/media?parent=168"}],"curies":[{"name":"wp","href":"https:\/\/api.w.org\/{rel}","templated":true}]}}