{"id":165,"date":"2025-03-01T15:07:23","date_gmt":"2025-03-01T12:07:23","guid":{"rendered":"https:\/\/tarmakder.org.tr\/tarmek2025\/?page_id=165"},"modified":"2025-09-07T02:25:10","modified_gmt":"2025-09-06T23:25:10","slug":"katilimcilar","status":"publish","type":"page","link":"https:\/\/tarmakder.org.tr\/tarmek2025\/index.php\/katilimcilar\/","title":{"rendered":"KATILIMCILAR"},"content":{"rendered":"\n<figure class=\"wp-block-table aligncenter\"><table class=\"has-fixed-layout\"><tbody><tr><td rowspan=\"2\">&nbsp;<\/td><td rowspan=\"2\"><strong>Ad\u0131 soyad\u0131<\/strong><\/td><td rowspan=\"2\"><strong>Kurumu\/\u00dcniversitesi\/Enstit\u00fcs\u00fc\/vs<\/strong><\/td><td><\/td><\/tr><tr><td><\/td><\/tr><tr><td>&nbsp;<\/td><td>Prof. Dr. Vahit Kiri\u015fc\u0130<\/td><td>Orman ve K\u00f6yi\u015fleri Komisyonu Ba\u015fkan\u0131 l 66. T.C. H\u00fck\u00fcmeti Kabinesi Tar\u0131m ve Orman Bakan\u0131<\/td><td><\/td><\/tr><tr><td>&nbsp;<\/td><td>Abdulkadir M\u0130RZOO\u011eLU<\/td><td>Artuklu A\u0130HL Okul&nbsp;M\u00fcd\u00fcr\u00fc<\/td><td><\/td><\/tr><tr><td>&nbsp;<\/td><td>Abdullah ULUPINAR<\/td><td>Bursa Uluda\u011f \u00dcniversitesi<\/td><td><\/td><\/tr><tr><td>&nbsp;<\/td><td>Adil ALAN<\/td><td>Diyarbak\u0131r \u0130l Tar\u0131m ve Orman M\u00fcd\u00fcr\u00fc<\/td><td><\/td><\/tr><tr><td>&nbsp;<\/td><td>Adnan ATAY<\/td><td>Artuklu A\u0130HL M\u00fcd\u00fcr Yard\u0131mc\u0131s\u0131<\/td><td><\/td><\/tr><tr><td>&nbsp;<\/td><td>Ahmet Bedei EMEN<\/td><td>GAPTAEM-\u015eanl\u0131urfa<br>Kongre D\u00fczenleme Kurulu \u00dcyesi<\/td><td><\/td><\/tr><tr><td>&nbsp;<\/td><td>Alattin CEM \u00c7ANGAL<\/td><td>\u00d6\u011frenci-Lisans Akdeniz \u00dcniversitesi<\/td><td><\/td><\/tr><tr><td>&nbsp;<\/td><td>Alper BAYRAM<\/td><td>\u00d6\u011frenci-Lisans Akdeniz \u00dcniversitesi<\/td><td><\/td><\/tr><tr><td>&nbsp;<\/td><td>Alperen T\u00dcRKE\u015e<\/td><td>\u00d6\u011frenci-Lisans Tekirda\u011f Nam\u0131k Kemal \u00dcniv<\/td><td><\/td><\/tr><tr><td>&nbsp;<\/td><td>Ar. G\u00f6r. Sezer U\u011eUZ<\/td><td>\u00c7ankaya \u00dcniversitesi<\/td><td><\/td><\/tr><tr><td>&nbsp;<\/td><td>Ara\u015f. G\u00f6r. Nihal \u015eAH\u0130N<\/td><td>Bursa Uluda\u011f \u00dcniversitesi<\/td><td><\/td><\/tr><tr><td>&nbsp;<\/td><td>Arda BEKCAN<\/td><td>Ankara \u00dcniversitesi<\/td><td><\/td><\/tr><tr><td>&nbsp;<\/td><td>Ar\u015f. G\u00f6r. Cihat GED\u0130K<\/td><td>Bilecik \u015eeyh Edebali \u00dcniversitesi<\/td><td><\/td><\/tr><tr><td>&nbsp;<\/td><td>Ar\u015f. G\u00f6r. Hasan Berk \u00d6ZYURT<\/td><td>Tekirda\u011f Nam\u0131k Kemal \u00dcniversitesi<\/td><td><\/td><\/tr><tr><td>&nbsp;<\/td><td>Ar\u015f. G\u00f6r. Mihriban Okur<\/td><td>Dicle \u00dcniversitesi<\/td><td><\/td><\/tr><tr><td>&nbsp;<\/td><td>Ar\u015f. G\u00f6r. Muhammed Hakan \u00d6ZDEM\u0130R<\/td><td>Atat\u00fcrk \u00dcniversitesi<\/td><td><\/td><\/tr><tr><td>&nbsp;<\/td><td>Ar\u015f. G\u00f6r. Tu\u011fba KARAK\u00d6SE<\/td><td>Ondokuz May\u0131s \u00dcniversitesi<\/td><td><\/td><\/tr><tr><td>&nbsp;<\/td><td>Attilla Alp ARSLAN<\/td><td>\u00d6\u011frenci-Lisans Ankara \u00dcniversitesi<\/td><td><\/td><\/tr><tr><td>&nbsp;<\/td><td>Ay\u00e7a KALKAN<\/td><td>\u00d6\u011frenci-Lisans Mardin Artuklu \u00dcniversitesi<\/td><td><\/td><\/tr><tr><td>&nbsp;<\/td><td>Aysu \u015eEN<\/td><td>Kayhan Ertu\u011frul Makina, Ar-Ge B\u00f6l\u00fcm\u00fc, Burdur-T\u00fcrkiye<\/td><td><\/td><\/tr><tr><td>&nbsp;<\/td><td>Ba\u015fak Hilal DEM\u0130R<\/td><td>\u00d6\u011frenci-Lisans Mardin Artuklu \u00dcniversitesi<\/td><td><\/td><\/tr><tr><td>&nbsp;<\/td><td>Beg\u00fcm ARKA\u0130N<\/td><td>Y\u00fcksek M\u00fch., \u00c7anakkale Onsekiz Mart \u00dcniversitesi<\/td><td><\/td><\/tr><tr><td>&nbsp;<\/td><td>Berk ERM\u0130\u015e<\/td><td>Nam\u0131k kemal \u00fcniversitesi<\/td><td><\/td><\/tr><tr><td>&nbsp;<\/td><td>Berranur MALKO\u00c7<\/td><td>\u00d6\u011frenci-Lisans Akdeniz \u00dcniversitesi<\/td><td><\/td><\/tr><tr><td>&nbsp;<\/td><td>Beyzag\u00fcl SEL\u00c7UK<\/td><td>\u00d6\u011frenci-Lisans Mardin Artuklu \u00dcniversitesi<\/td><td><\/td><\/tr><tr><td>&nbsp;<\/td><td>Burak EKE<\/td><td>Atat\u00fcrk \u00dcniversitesi, Ziraat Fak\u00fcltesi<\/td><td><\/td><\/tr><tr><td>&nbsp;<\/td><td>Burak SEV\u0130N\u00c7<\/td><td>\u00d6\u011frenci-Lisans Ankara \u00dcniversitesi<\/td><td><\/td><\/tr><tr><td>&nbsp;<\/td><td>Burcu AVCI \u00d6ZSOY<\/td><td>Tekirda\u011f Nam\u0131k Kemal \u00dcniversitesi<\/td><td><\/td><\/tr><tr><td>&nbsp;<\/td><td>B\u00fcnyamin ASLAN<\/td><td>GAPBK\u0130 Ba\u015fkanl\u0131\u011f\u0131<\/td><td><\/td><\/tr><tr><td>&nbsp;<\/td><td>Cevat K\u0130BAR<\/td><td>\u00d6\u011frenci-Lisans Akdeniz \u00dcniversitesi<\/td><td><\/td><\/tr><tr><td>&nbsp;<\/td><td>Derya KILI\u00c7<\/td><td>Kayhan Ertu\u011frul Makina, Ar-Ge B\u00f6l\u00fcm\u00fc, Burdur-T\u00fcrkiye<\/td><td><\/td><\/tr><tr><td>&nbsp;<\/td><td>Do\u00e7. Dr. Arzu YAZGI<\/td><td>Ege \u00dcniversitesi<\/td><td><\/td><\/tr><tr><td>&nbsp;<\/td><td>Do\u00e7. Dr. Cihan DEM\u0130R<\/td><td>K\u0131rklareli \u00dcniversitesi<\/td><td><\/td><\/tr><tr><td>&nbsp;<\/td><td>Do\u00e7. Dr. Emrah KU\u015e<\/td><td>I\u011fd\u0131r \u00dcniversitesi<\/td><td><\/td><\/tr><tr><td>&nbsp;<\/td><td>Do\u00e7. Dr. Eray \u00d6NLER<\/td><td>Nam\u0131k Kemal \u00dcniversitesi<\/td><td><\/td><\/tr><tr><td>&nbsp;<\/td><td>Do\u00e7. Dr. Hakk\u0131 SOY<\/td><td>Necmettin Erbakan \u00dcniversitesi<\/td><td><\/td><\/tr><tr><td>&nbsp;<\/td><td>Do\u00e7. Dr. Mehmet MET\u0130N \u00d6ZG\u00dcVEN<\/td><td>Ankara \u00dcniversitesi<\/td><td><\/td><\/tr><tr><td>&nbsp;<\/td><td>Do\u00e7. Dr. Nuri \u00c7A\u011eLAYAN<\/td><td>Akdeniz \u00dcniversitesi<\/td><td><\/td><\/tr><tr><td>&nbsp;<\/td><td>Do\u00e7. Dr. Nusret MUTLU<\/td><td>GAPBK\u0130 Ba\u015fkan Yrd. Kongre D\u00fczenleme Kurulu \u00dcyesi<\/td><td><\/td><\/tr><tr><td>&nbsp;<\/td><td>Do\u00e7. Dr. \u00d6mer EREN<\/td><td>Hatay Mustafa Kemal \u00dcniversitesi<\/td><td><\/td><\/tr><tr><td>&nbsp;<\/td><td>Do\u00e7. Dr. \u00d6mer ERTU\u011eRUL<\/td><td>K\u0131r\u015fehir Ahi Evran \u00dcniversitesi<\/td><td><\/td><\/tr><tr><td>&nbsp;<\/td><td>Do\u00e7. Dr. Veysi ACIBUCA<\/td><td>Mardin Artuklu \u00dcniversitesi<\/td><td><\/td><\/tr><tr><td>&nbsp;<\/td><td>Do\u00e7. Dr. Zeynep AKTA\u015e \u00c7\u0130MEN<\/td><td>Akdeniz \u00dcniversitesi<\/td><td><\/td><\/tr><tr><td>&nbsp;<\/td><td>Dr. Bahar D\u0130KEN<\/td><td>TUB\u0130TAK<\/td><td><\/td><\/tr><tr><td>&nbsp;<\/td><td>Dr. Er\u00e7in G\u00dcD\u00dcC\u00dc<\/td><td>\u0130zmir Ticaret Borsas\u0131 Genel Sekreteri<\/td><td><\/td><\/tr><tr><td>&nbsp;<\/td><td>Dr. Erhan KAHYA<\/td><td>Nam\u0131k Kemal \u00dcniversitesi<\/td><td><\/td><\/tr><tr><td>&nbsp;<\/td><td>Dr. Esra SINAV<\/td><td>Ege Tar\u0131msal Ara\u015ft\u0131rma Enstit\u00fcs\u00fc M\u00fcd\u00fcrl\u00fc\u011f\u00fc:<\/td><td><\/td><\/tr><tr><td>&nbsp;<\/td><td>Dr. Galip \u00d6ZT\u00dcRK<\/td><td>(KTO YTM)<\/td><td><\/td><\/tr><tr><td>&nbsp;<\/td><td>Dr. G\u00f6khan AKKU\u015e<\/td><td>GAPTAEM \u015eanl\u0131rfa<\/td><td><\/td><\/tr><tr><td>&nbsp;<\/td><td>Dr. Hasan MARAL<\/td><td>GAP B\u00f6lge Kalk\u0131nma \u0130daresi Ba\u015fkan\u0131 Kongre D\u00fczenleme Kurulu \u00dcyesi<\/td><td><\/td><\/tr><tr><td>&nbsp;<\/td><td>Dr. \u0130brahim Halil \u00c7ET\u0130NER<\/td><td>GAPTAEM M\u00fcd\u00fcr\u00fc Kongre D\u00fczenleme Kurulu \u00dcyesi<\/td><td><\/td><\/tr><tr><td>&nbsp;<\/td><td>Dr. \u0130smail BOYAR<\/td><td>Akdeniz \u00dcniversitesi<\/td><td><\/td><\/tr><tr><td>&nbsp;<\/td><td>Dr. Kaz\u0131m G\u00dcR<\/td><td>Bahri Da\u011fda\u015f Uluslararas\u0131 Tar\u0131msal Ara\u015ft\u0131rma Enstit\u00fcs\u00fc<\/td><td><\/td><\/tr><tr><td>&nbsp;<\/td><td>Dr. Muammer YAL\u00c7IN<\/td><td>Atat\u00fcrk Bah\u00e7e K\u00fclt\u00fcrleri Merkez Ara\u015f. Enst. YALOVA<\/td><td><\/td><\/tr><tr><td>&nbsp;<\/td><td>Dr. Mustafa \u00c7OMAKLI<\/td><td>Atat\u00fcrk \u00dcniversitesi,<\/td><td><\/td><\/tr><tr><td>&nbsp;<\/td><td>Dr. Nihat S\u00d6NMEZ<\/td><td>TRGM- Ankara<\/td><td><\/td><\/tr><tr><td>&nbsp;<\/td><td>Dr. Nurten KURT<\/td><td>Do\u011fu Akdeniz Tar\u0131msal Ara\u015ft\u0131rma Enstit\u00fcs\u00fc<\/td><td><\/td><\/tr><tr><td>&nbsp;<\/td><td>Dr. \u00d6\u011fr. \u00dcyesi Abdulkadir AYANO\u011eLU<\/td><td>Mardin Artuklu \u00dcniversitesi<\/td><td><\/td><\/tr><tr><td>&nbsp;<\/td><td>Dr. \u00d6\u011fr. \u00dcyesi G\u00fclden&nbsp; \u00d6ZG\u00dcNALTAY ERTU\u011eRUL<\/td><td>TARMAKDER Y. K. \u00dcyesi Kongre D\u00fczenleme Kurulu \u00dcyesi<\/td><td><\/td><\/tr><tr><td>&nbsp;<\/td><td>Dr. \u00d6\u011fr. \u00dcyesi M. Bar\u0131\u015f EM\u0130NO\u011eLU<\/td><td>Ankara \u00dcniversitesi<\/td><td><\/td><\/tr><tr><td>&nbsp;<\/td><td>Dr. \u00d6\u011fr. \u00dcyesi M. Murat TURGUT<\/td><td>Dicle \u00dcniversitesi<\/td><td><\/td><\/tr><tr><td>&nbsp;<\/td><td>Dr. \u00d6\u011fr. \u00dcyesi Mehmet Cengiz ARSLANO\u011eLU<\/td><td>Batman \u00dcniversitesi<\/td><td><\/td><\/tr><tr><td>&nbsp;<\/td><td>Dr. \u00d6\u011fr. \u00dcyesi Mehmet Zahid MALASLI<\/td><td>Necmettin Erbakan \u00dcniversitesi<\/td><td><\/td><\/tr><tr><td>&nbsp;<\/td><td>Dr. \u00d6\u011fr. \u00dcyesi Mustafa \u00d6ZBULDU<\/td><td>Hatay Mustafa Kemal \u00dcniversitesi<\/td><td><\/td><\/tr><tr><td>&nbsp;<\/td><td>Dr. \u00d6\u011fr. \u00dcyesi Veysel G\u00dcL<\/td><td>K\u0131r\u015fehir Ahi Evran \u00dcniversitesi<\/td><td><\/td><\/tr><tr><td>&nbsp;<\/td><td>Dr. \u00d6\u011fr. \u00dcyesi. Yunus Emre \u015eEKERL\u0130<\/td><td>Hatay Mustafa Kemal \u00dcniversitesi<\/td><td><\/td><\/tr><tr><td>&nbsp;<\/td><td>Dr. \u00d6\u011fretim \u00dcyesi G\u00f6ksel PEK\u0130TKAN<\/td><td>Dicle \u00dcniversitesi<\/td><td><\/td><\/tr><tr><td>&nbsp;<\/td><td>Dr. \u00d6\u011fretim \u00dcyesi Sefai B\u0130LG\u0130N<\/td><td>Akdeniz \u00dcniversitesi<\/td><td><\/td><\/tr><tr><td>&nbsp;<\/td><td>Dr. \u00d6\u011fretim \u00dcyesi \u00dcmran ATAY<\/td><td>Mardin Artuklu \u00dcniversitesi Kongre D\u00fczenleme Kurulu Ba\u015fkan\u0131<\/td><td><\/td><\/tr><tr><td>&nbsp;<\/td><td>Dr. \u00d6\u011fretim \u00dcyesi Yal\u00e7\u0131n ALBAYRAK<\/td><td>Akdeniz \u00dcniversitesi<\/td><td><\/td><\/tr><tr><td>&nbsp;<\/td><td>Dr. Sibel AKKU\u015e B\u0130N\u0130C\u0130<\/td><td>GAPTAEM \u015eanl\u0131urfa<\/td><td><\/td><\/tr><tr><td>&nbsp;<\/td><td>Dr. Temu\u00e7in G\u00f6kt\u00fcrk SEYHAN<\/td><td>Ankara \u00dcniversitesi<\/td><td><\/td><\/tr><tr><td>&nbsp;<\/td><td>Dr. Tu\u011fba ER<\/td><td>Giresun F\u0131nd\u0131k Ara\u015ft\u0131rma Enstit\u00fcs\u00fc M\u00fcd\u00fcrl\u00fc\u011f\u00fc<\/td><td><\/td><\/tr><tr><td>&nbsp;<\/td><td>Dr. Tuncay TOPDEM\u0130R<\/td><td>Uluslararas\u0131 Tar\u0131msal Ara\u015ft\u0131rma ve E\u011fitim Merkezi M\u00fcd\u00fcr\u00fc<\/td><td><\/td><\/tr><tr><td>&nbsp;<\/td><td>Dr. Zeynep DEM\u0130REL ATASOY<\/td><td>Toprak, G\u00fcbre ve Su Kaynaklar\u0131 Merkez Ara\u015ft\u0131rma Enstit\u00fcs\u00fc,Yenimahalle-Ankara,<\/td><td><\/td><\/tr><tr><td>&nbsp;<\/td><td>Dr. Zinnur G\u00d6Z\u00dcB\u00dcY\u00dcK<\/td><td>Do\u011fu Anadolu Tar. Ara\u015f. Ens. M\u00fcd. Kongre D\u00fczenleme Kurulu \u00dcyesi<\/td><td><\/td><\/tr><tr><td>&nbsp;<\/td><td>Dr. Z\u00fclfi SARIPINAR<\/td><td>\u015eeker Enstit\u00fcs\u00fc, Biyosistem \u015eubesi Ankara<\/td><td><\/td><\/tr><tr><td>&nbsp;<\/td><td>E. Lorin KARAER<\/td><td>Dicle \u00dcniversitesi<\/td><td><\/td><\/tr><tr><td>&nbsp;<\/td><td>Ece ATMACA<\/td><td>&nbsp;<\/td><td><\/td><\/tr><tr><td>&nbsp;<\/td><td>Ece \u0130pek TUNA<\/td><td>Ankara \u00dcniversitesi<\/td><td><\/td><\/tr><tr><td>&nbsp;<\/td><td>Ecem Nur YILDIRIM<\/td><td>Atat\u00fcrk \u00dcniversitesi<\/td><td><\/td><\/tr><tr><td>&nbsp;<\/td><td>Emirhan Polat<\/td><td>&nbsp;<\/td><td><\/td><\/tr><tr><td>&nbsp;<\/td><td>Ender ALTUN<\/td><td>Mardin Artuklu \u00dcniversitesi Genel Sekreter Yard\u0131mc\u0131s\u0131<\/td><td><\/td><\/tr><tr><td>&nbsp;<\/td><td>Engin G\u00dcR<\/td><td>&nbsp;<\/td><td><\/td><\/tr><tr><td>&nbsp;<\/td><td>Erdal K\u00dc\u00c7\u00dcK<\/td><td>GAPTAEM \u015eanl\u0131urfa<\/td><td><\/td><\/tr><tr><td>&nbsp;<\/td><td>Eyyup B\u0130RKAN<\/td><td>Mardin Artuklu \u00dcniversitesi Genel Sekreter<\/td><td><\/td><\/tr><tr><td>&nbsp;<\/td><td>F. Nadide SOLMAZ<\/td><td>Dicle \u00dcniversitesi<\/td><td><\/td><\/tr><tr><td>&nbsp;<\/td><td>Fatih BOZGEY\u0130K<\/td><td>GAPBK\u0130 Ba\u015fkanl\u0131\u011f\u0131<\/td><td><\/td><\/tr><tr><td>&nbsp;<\/td><td>Fatih KESK\u0130NKILI\u00c7<\/td><td>Erciyes \u00dcniversitesi<\/td><td><\/td><\/tr><tr><td>&nbsp;<\/td><td>Fatma \u0130rem DEM\u0130REL<\/td><td>\u00d6\u011frenci-Lisans Tekirda\u011f Nam\u0131k Kemal \u00dcniv.<\/td><td><\/td><\/tr><tr><td>&nbsp;<\/td><td>Fatma Susen \u00c7EV\u0130K<\/td><td>Dicle \u00dcniversitesi<\/td><td><\/td><\/tr><tr><td>&nbsp;<\/td><td>G\u00fclden S\u0131la AC\u0130<\/td><td>\u00d6\u011frenci-Lisans Ankara \u00dcniversitesi<\/td><td><\/td><\/tr><tr><td>&nbsp;<\/td><td>Halil KARAHAN<\/td><td>Ziraat M\u00fch. &amp; \u00d6nder \u00c7ift\u00e7i<\/td><td><\/td><\/tr><tr><td>&nbsp;<\/td><td>Handan KAYAR<\/td><td>Polatl\u0131 Tar\u0131m \u0130\u015fletmesi, Ankara-T\u00fcrkiye<\/td><td><\/td><\/tr><tr><td>&nbsp;<\/td><td>Hasan YEN\u0130CE<\/td><td>Necmettin Erbakan \u00dcniversitesi<\/td><td><\/td><\/tr><tr><td>&nbsp;<\/td><td>Hatip \u00c7EL\u0130K<\/td><td>Mardin Ticaret ve Sanayi Odas\u0131 Ba\u015fkan\u0131<\/td><td><\/td><\/tr><tr><td>&nbsp;<\/td><td>H\u00fcseyin Y\u00fcksel \u00d6ZALP<\/td><td>Ankara \u00dcniversitesi, Fen Bilimleri Enstit\u00fcs\u00fc<\/td><td><\/td><\/tr><tr><td>&nbsp;<\/td><td>\u0130brahim BOZDEM\u0130R<\/td><td>TOBB Mardin Gen\u00e7 Giri\u015fimciler Kurulu Ba\u015fkan\u0131<\/td><td><\/td><\/tr><tr><td>&nbsp;<\/td><td>\u0130brahim ERG\u00dcL<\/td><td>Erkunt Trakt\u00f6r Tasar\u0131m Do\u011frulama M\u00fcd\u00fcr\u00fc<\/td><td><\/td><\/tr><tr><td>&nbsp;<\/td><td>\u0130sa AKIN<\/td><td>Samsun Ondokuz May\u0131s \u00dcniversitesi<\/td><td><\/td><\/tr><tr><td>&nbsp;<\/td><td>\u0130smail \u00c7EL\u0130K<\/td><td>\u00d6\u011frenci-Lisans Sel\u00e7uk \u00dcniversitesi<\/td><td><\/td><\/tr><tr><td>&nbsp;<\/td><td>\u0130smail M. TURANO\u011eLU<\/td><td>GAPTAEM M\u00fcd\u00fcr Yrd. Kongre D\u00fczenleme Kurulu \u00dcyesi<\/td><td><\/td><\/tr><tr><td>&nbsp;<\/td><td>Kemalettin SAK\u0130N<\/td><td>Mardin B\u00fcy\u00fck\u015fehir Belediyesi Genel Sekreteri<\/td><td><\/td><\/tr><tr><td>&nbsp;<\/td><td>Kerem UZUNER<\/td><td>\u00d6\u011frenci-Lisans Ankara \u00dcniversitesi<\/td><td><\/td><\/tr><tr><td>&nbsp;<\/td><td>Kudret BEREKETO\u011eLU<\/td><td>GAPUTAEM M\u00fcd\u00fcr\u00fc<\/td><td><\/td><\/tr><tr><td>&nbsp;<\/td><td>Kutbettin YAVUZ<\/td><td>Mardin B\u00fcy\u00fck\u015fehir Belediyesi Tar\u0131msal Hizmetler Daire Ba\u015fkan\u0131<\/td><td><\/td><\/tr><tr><td>&nbsp;<\/td><td>Mehdi S\u00dcMERL\u0130<\/td><td>Zirai M\u00fccadele Ara\u015ft\u0131rma Enstit\u00fcs\u00fc M\u00fcd\u00fcr\u00fc<\/td><td><\/td><\/tr><tr><td>&nbsp;<\/td><td>Mehmet Ali PORSUK<\/td><td>GAPTAEM<\/td><td><\/td><\/tr><tr><td>&nbsp;<\/td><td>Mehmet ATAL<\/td><td>\u00c7ukurova \u00dcniversitesi<\/td><td><\/td><\/tr><tr><td>&nbsp;<\/td><td>Mehmet DEM\u0130RTA\u015e<\/td><td>Pamuk Ara\u015ft\u0131rma Enstit\u00fcs\u00fc M\u00fcd\u00fcrl\u00fc\u011f\u00fc Nazilli \/ AYDIN<\/td><td><\/td><\/tr><tr><td>&nbsp;<\/td><td>Mehmet Efnan KOYUNLU<\/td><td>Y\u00fcksek Lisans \u00d6\u011frencisi, Tekirda\u011f<\/td><td><\/td><\/tr><tr><td>&nbsp;<\/td><td>Mehmet G\u00fcm\u00fc\u015f<\/td><td>GAPTAEM<\/td><td><\/td><\/tr><tr><td>&nbsp;<\/td><td>Mehmet Kaan MADEN<\/td><td>\u00d6\u011frenci-Lisans Ankara \u00dcniversitesi<\/td><td><\/td><\/tr><tr><td>&nbsp;<\/td><td>Mehmet UNCU<\/td><td>Ak Parti Mardin \u0130l Ba\u015fkan\u0131<\/td><td><\/td><\/tr><tr><td>&nbsp;<\/td><td>Meltem TAL\u0130<\/td><td>Nam\u0131k Kemal<\/td><td><\/td><\/tr><tr><td>&nbsp;<\/td><td>Mihriban DEM\u0130R<\/td><td>Atat\u00fcrk \u00dcniversitesi<\/td><td><\/td><\/tr><tr><td>&nbsp;<\/td><td>Mustafa BULUT<\/td><td>GAPBK\u0130 Ba\u015fkanl\u0131\u011f\u0131<\/td><td><\/td><\/tr><tr><td>&nbsp;<\/td><td>Mustafa MERT DEM\u0130R<\/td><td>\u00d6\u011frenci-Lisans Akdeniz \u00dcniversitesi<\/td><td><\/td><\/tr><tr><td>&nbsp;<\/td><td>Nadire TET\u0130K<\/td><td>Atat\u00fcrk \u00dcniversitesi<\/td><td><\/td><\/tr><tr><td>&nbsp;<\/td><td>Nafiz SEZER<\/td><td>Sezer Sa\u011f\u0131m Ltd. Y\u00f6netim Kurulu \u00dcyesi<\/td><td><\/td><\/tr><tr><td>&nbsp;<\/td><td>Necmettin BA\u015eBO\u011eA<\/td><td>Mardin \u0130lim Yayma Cemiyeti \u015eube Ba\u015fkan\u0131<\/td><td><\/td><\/tr><tr><td>&nbsp;<\/td><td>Nefise HANCI<\/td><td>&nbsp;<\/td><td><\/td><\/tr><tr><td>&nbsp;<\/td><td>Onur \u0130lyas YAVUZ<\/td><td>Y\u00fcksek M\u00fch. Demsay Elektronik Ar-Ge Merkezi<\/td><td><\/td><\/tr><tr><td>&nbsp;<\/td><td>\u00d6gr. G\u00f6r. Dr . Osman ECEO\u011eLU<\/td><td>Akdeniz \u00dcniversitesi<\/td><td><\/td><\/tr><tr><td>&nbsp;<\/td><td>\u00d6\u011fr. G\u00f6r. Gizem AYAS<\/td><td>Mardin Artuklu \u00dcniversitesi<br>Kongre D\u00fczenleme Kurulu \u00dcyesi<\/td><td><\/td><\/tr><tr><td>&nbsp;<\/td><td>\u00d6\u011fr. G\u00f6r. \u0130shak BAYY\u0130\u011e\u0130T<\/td><td>Mardin Artuklu \u00dcniversitesi Kongre D\u00fczenleme Kurulu \u00dcyesi<\/td><td><\/td><\/tr><tr><td>&nbsp;<\/td><td>\u00d6\u011fr. G\u00f6r. M. Sinem MUNGAN<\/td><td>Mardin Artuklu \u00dcniversitesi Kongre D\u00fczenleme Kurulu \u00dcyesi<\/td><td><\/td><\/tr><tr><td>&nbsp;<\/td><td>\u00d6\u011fr. G\u00f6r. Merve SAYTA\u015e EREMKERE<\/td><td>\u0130stanbul Beykent \u00dcniversitesi<\/td><td><\/td><\/tr><tr><td>&nbsp;<\/td><td>\u00d6\u011fr. G\u00f6r. M\u00fcmtaz KORKUTAN<\/td><td>MA\u00dc TTO M\u00fcd\u00fcr\u00fc<\/td><td><\/td><\/tr><tr><td>&nbsp;<\/td><td>\u00d6mer Faruk ERTEK<\/td><td>MA\u00dc Bilgi \u0130\u015flem Daire Ba\u015fkan\u0131<\/td><td><\/td><\/tr><tr><td>&nbsp;<\/td><td>\u00d6zg\u00fcr DOKUMACI<\/td><td>MA\u00dc Bilgi \u0130\u015flem<\/td><td><\/td><\/tr><tr><td>&nbsp;<\/td><td>Prof. Dr. Abdullah SESS\u0130Z<\/td><td>Dicle \u00dcniversitesi Kongre D\u00fczenleme Kurulu \u00dcyesi<\/td><td><\/td><\/tr><tr><td>&nbsp;<\/td><td>Prof. Dr. Ahmet Kamil BAYHAN<\/td><td>Isparta Uygulamal\u0131 Bilimler \u00dcniversitesi<\/td><td><\/td><\/tr><tr><td>&nbsp;<\/td><td>Prof. Dr. An\u0131l \u00c7AY<\/td><td>\u00c7anakkale 18 Mart \u00dcniversitesi<\/td><td><\/td><\/tr><tr><td>&nbsp;<\/td><td>Prof. Dr. Bahad\u0131r SAYINCI<\/td><td>TARMAKDER Y\u00f6netim Kurulu \u00dcyesi Kongre D\u00fczenleme Kurulu \u00dcyesi<\/td><td><\/td><\/tr><tr><td>&nbsp;<\/td><td>Prof. Dr. Bahattin AKDEM\u0130R<\/td><td>Nam\u0131k Kemal \u00dcniversitesi<\/td><td><\/td><\/tr><tr><td>&nbsp;<\/td><td>Prof. Dr. Can ERTEK\u0130N<\/td><td>TARMAKDER Y. K. Ba\u015fkan\u0131 Kongre D\u00fczenleme Kurulu \u00dcyesi<\/td><td><\/td><\/tr><tr><td>&nbsp;<\/td><td>Prof. Dr. Cengiz KARACA<\/td><td>Hatay Mustafa Kemal \u00dcniversitesi<\/td><td><\/td><\/tr><tr><td>&nbsp;<\/td><td>Prof. Dr. Deniz YILMAZ<\/td><td>Isparta Uygulamal\u0131 Bilimler \u00dcniversitesi<\/td><td><\/td><\/tr><tr><td>&nbsp;<\/td><td>Prof. Dr. Fulya TAN<\/td><td>Nam\u0131k Kemal \u00dcniversitesi<\/td><td><\/td><\/tr><tr><td>&nbsp;<\/td><td>Prof. Dr. G\u00fcrkan Alp Ka\u011fan G\u00dcRD\u0130L<\/td><td>Samsun 19 May\u0131s \u00dcniversitesi<\/td><td><\/td><\/tr><tr><td>&nbsp;<\/td><td>Prof. Dr. Hamdi B\u0130LGEN<\/td><td>TARMAKDER Y\u00f6netim Kurulu \u00dcyesi Kongre D\u00fczenleme Kurulu \u00dcyesi<\/td><td><\/td><\/tr><tr><td>&nbsp;<\/td><td>Prof. Dr. Hamdi B\u0130LGEN<\/td><td>Ege \u00dcniversitesi<\/td><td><\/td><\/tr><tr><td>&nbsp;<\/td><td>Prof. Dr. Harun YAL\u00c7IN<\/td><td>Ege \u00dcniversitesi<\/td><td><\/td><\/tr><tr><td>&nbsp;<\/td><td>Prof. Dr. Hasan H\u00fcseyin \u00d6ZT\u00dcRK<\/td><td>\u00c7ukurova \u00dcniversitesi<\/td><td><\/td><\/tr><tr><td>&nbsp;<\/td><td>Prof. Dr. H\u00fcsn\u00fc AKTA\u015e<\/td><td>Mardin Artuklu \u00dcniversitesi<\/td><td><\/td><\/tr><tr><td>&nbsp;<\/td><td>Prof. Dr. \u0130brahim \u00d6ZCO\u015eAR<\/td><td>Mardin Artuklu \u00dcniversitesi Rekt\u00f6r\u00fc<\/td><td><\/td><\/tr><tr><td>&nbsp;<\/td><td>Prof. Dr. \u0130lker H\u00fcseyin \u00c7ELEN<\/td><td>Nam\u0131k Kemal \u00dcniversitesi<\/td><td><\/td><\/tr><tr><td>&nbsp;<\/td><td>Prof. Dr. Mehmet F\u0131rat BARAN<\/td><td>Siirt \u00dcniversitesi Kongre D\u00fczenleme Kurulu Ba\u015fkan\u0131<\/td><td><\/td><\/tr><tr><td>&nbsp;<\/td><td>Prof. Dr. Mehmet TOPAKCI<\/td><td>Akdeniz \u00dcniversitesi<\/td><td><\/td><\/tr><tr><td>&nbsp;<\/td><td>Prof. Dr. Murad \u00c7ANAKCI<\/td><td>Akdeniz \u00dcniversitesi<\/td><td><\/td><\/tr><tr><td>&nbsp;<\/td><td>Prof. Dr. Nihat \u015eINDAK<\/td><td>Siirt \u00dcniversitesi Rekt\u00f6r\u00fc<\/td><td><\/td><\/tr><tr><td>&nbsp;<\/td><td>Prof. Dr. Re\u015fit YILDIZ<\/td><td>MA\u00dc Rekt\u00f6r Yard\u0131mc\u0131s\u0131<\/td><td><\/td><\/tr><tr><td>&nbsp;<\/td><td>Prof. Dr. Sel\u00e7uk ARSLAN<\/td><td>Bursa Uluda\u011f \u00dcniversitesi<\/td><td><\/td><\/tr><tr><td>&nbsp;<\/td><td>Prof. Dr. Serap AKDEM\u0130R<\/td><td>Nam\u0131k kemal \u00fcniversitesi<\/td><td><\/td><\/tr><tr><td>&nbsp;<\/td><td>Prof. Dr. Tamer MARAKO\u011eLU<\/td><td>Sel\u00e7uk \u00dcniversitesi<\/td><td><\/td><\/tr><tr><td>&nbsp;<\/td><td>Prof. Dr. T\u00fcrkan AKTA\u015e<\/td><td>Nam\u0131k Kemal \u00dcniversitesi<\/td><td><\/td><\/tr><tr><td>&nbsp;<\/td><td>Prof. Dr. Ufuk T\u00dcRKER<\/td><td>Ankara \u00dcniversitesi<\/td><td><\/td><\/tr><tr><td>&nbsp;<\/td><td>Prof. Dr. Y\u0131lmaz BAYHAN<\/td><td>Nam\u0131k Kemal \u00dcniversitesi<\/td><td><\/td><\/tr><tr><td>&nbsp;<\/td><td>Prof. Dr. Y\u0131lmaz DEM\u0130RHAN<\/td><td>MA\u00dc Rekt\u00f6r Yard\u0131mc\u0131s\u0131<\/td><td><\/td><\/tr><tr><td>&nbsp;<\/td><td>Prof. Dr. Yusuf DO\u011eAN<\/td><td>MA\u00dc Rekt\u00f6r Yard\u0131mc\u0131s\u0131 Kongre D\u00fczenleme Kurulu \u00dcyesi<\/td><td><\/td><\/tr><tr><td>&nbsp;<\/td><td>Prof. Dr. Yusuf ZEREN<\/td><td>&nbsp;<\/td><td><\/td><\/tr><tr><td>&nbsp;<\/td><td>Selami \u0130LER\u0130<\/td><td>TARMAKB\u0130R Genel Sekreteri Kongre D\u00fczenleme Kurulu \u00dcyesi<\/td><td><\/td><\/tr><tr><td>&nbsp;<\/td><td>S\u0131la USTA<\/td><td>\u00d6\u011frenci-Lisans Ankara \u00dcniversitesi<\/td><td><\/td><\/tr><tr><td>&nbsp;<\/td><td>Sinan \u00c7O\u015eKUN<\/td><td>\u00d6\u011frenci-Lisans Mardin Artuklu \u00dcniversitesi<\/td><td><\/td><\/tr><tr><td>&nbsp;<\/td><td>Sinem SEYHAN<\/td><td>Y\u00fck. M\u00fch., Ankara \u00dcniversitesi<\/td><td><\/td><\/tr><tr><td>&nbsp;<\/td><td>\u015eener \u00d6Z\u00c7EL\u0130K<\/td><td>Uluslararas\u0131 Tar\u0131msal Ara\u015ft\u0131rma ve E\u011fitim Merkezi M\u00fcd\u00fcrl\u00fc\u011f\u00fc<\/td><td><\/td><\/tr><tr><td>&nbsp;<\/td><td>Tahmina G\u00dcZAY<\/td><td>Nam\u0131k kemal \u00dcniversitesi<\/td><td><\/td><\/tr><tr><td>&nbsp;<\/td><td>Tolga ALTAY<\/td><td>Uluslararas\u0131 Tar\u0131msal Ara\u015ft\u0131rma ve E\u011fitim Merkezi<\/td><td><\/td><\/tr><tr><td>&nbsp;<\/td><td>U\u011fur DURAN<\/td><td>Lisans \u00fcst\u00fc Hatay Mustafa Kemal \u00dcniversitesi<\/td><td><\/td><\/tr><tr><td>&nbsp;<\/td><td>Veli \u00c7EL\u0130KY\u00dcREK<\/td><td>Kayhan Ertu\u011frul Makina, Ar-Ge B\u00f6l\u00fcm\u00fc, Burdur-T\u00fcrkiye<\/td><td><\/td><\/tr><tr><td>&nbsp;<\/td><td>Yi\u011fit DEM\u0130RTA\u015e<\/td><td>\u00d6\u011frenci-Lisans Ankara \u00dcniversitesi<\/td><td><\/td><\/tr><tr><td>&nbsp;<\/td><td>Yusuf DEM\u0130RKAYA<\/td><td>\u00d6\u011frenci-Lisans Mardin Artuklu \u00dcniversitesi<\/td><td><\/td><\/tr><tr><td>&nbsp;<\/td><td>Yusuf Talha \u0130\u00c7O\u011eLU<\/td><td>Atat\u00fcrk \u00dcniversitesi<\/td><td><\/td><\/tr><tr><td>&nbsp;<\/td><td>Zarif Oktay \u00d6ZL\u00dc<\/td><td>&nbsp;<\/td><td><\/td><\/tr><tr><td>&nbsp;<\/td><td>Zehra EREN<\/td><td>Tar\u0131m ve Orman Bakanl\u0131\u011f\u0131 Bakan M\u00fc\u015faviri<\/td><td><\/td><\/tr><tr><td>&nbsp;<\/td><td>Zehra Nur G\u00d6KMEN<\/td><td>\u00d6\u011frenci-Lisans Tekirda\u011f Nam\u0131k Kemal \u00dcniv.<\/td><td><\/td><\/tr><\/tbody><\/table><\/figure>\n\n\n\n<p><\/p>\n","protected":false},"excerpt":{"rendered":"<p>&nbsp; Ad\u0131 soyad\u0131 Kurumu\/\u00dcniversitesi\/Enstit\u00fcs\u00fc\/vs &nbsp; Prof. Dr. Vahit Kiri\u015fc\u0130 Orman ve K\u00f6yi\u015fleri Komisyonu Ba\u015fkan\u0131 l 66. T.C. H\u00fck\u00fcmeti Kabinesi Tar\u0131m ve Orman Bakan\u0131 &nbsp; Abdulkadir M\u0130RZOO\u011eLU Artuklu A\u0130HL Okul&nbsp;M\u00fcd\u00fcr\u00fc &nbsp; Abdullah ULUPINAR Bursa Uluda\u011f \u00dcniversitesi &nbsp; Adil ALAN Diyarbak\u0131r \u0130l Tar\u0131m ve Orman M\u00fcd\u00fcr\u00fc &nbsp; Adnan ATAY Artuklu A\u0130HL M\u00fcd\u00fcr [&hellip;]<\/p>\n","protected":false},"author":1,"featured_media":0,"parent":0,"menu_order":0,"comment_status":"closed","ping_status":"closed","template":"","meta":{"_themeisle_gutenberg_block_has_review":false,"footnotes":""},"class_list":["post-165","page","type-page","status-publish","hentry"],"_links":{"self":[{"href":"https:\/\/tarmakder.org.tr\/tarmek2025\/index.php\/wp-json\/wp\/v2\/pages\/165","targetHints":{"allow":["GET"]}}],"collection":[{"href":"https:\/\/tarmakder.org.tr\/tarmek2025\/index.php\/wp-json\/wp\/v2\/pages"}],"about":[{"href":"https:\/\/tarmakder.org.tr\/tarmek2025\/index.php\/wp-json\/wp\/v2\/types\/page"}],"author":[{"embeddable":true,"href":"https:\/\/tarmakder.org.tr\/tarmek2025\/index.php\/wp-json\/wp\/v2\/users\/1"}],"replies":[{"embeddable":true,"href":"https:\/\/tarmakder.org.tr\/tarmek2025\/index.php\/wp-json\/wp\/v2\/comments?post=165"}],"version-history":[{"count":92,"href":"https:\/\/tarmakder.org.tr\/tarmek2025\/index.php\/wp-json\/wp\/v2\/pages\/165\/revisions"}],"predecessor-version":[{"id":825,"href":"https:\/\/tarmakder.org.tr\/tarmek2025\/index.php\/wp-json\/wp\/v2\/pages\/165\/revisions\/825"}],"wp:attachment":[{"href":"https:\/\/tarmakder.org.tr\/tarmek2025\/index.php\/wp-json\/wp\/v2\/media?parent=165"}],"curies":[{"name":"wp","href":"https:\/\/api.w.org\/{rel}","templated":true}]}}