{"id":210,"date":"2024-05-27T15:03:24","date_gmt":"2024-05-27T12:03:24","guid":{"rendered":"https:\/\/tarmakder.org.tr\/tarmek2024\/?page_id=210"},"modified":"2024-06-10T21:13:41","modified_gmt":"2024-06-10T18:13:41","slug":"katilimcilar","status":"publish","type":"page","link":"https:\/\/tarmakder.org.tr\/tarmek2024\/index.php\/katilimcilar\/","title":{"rendered":"Kat\u0131l\u0131mc\u0131lar"},"content":{"rendered":"<div id=\"tablesome__container\" data-table-id=\"428\" class=\"tablesome__container tablesome__container--428  tablesome__container--read-only tablesome__customstyle fit-to-container scroll-mode min-column-width max-column-width serialNumberColumn stickyFirstColumn disable_sorting disable_filter disable_search sm-disable_filter \" data-exclude-column-ids=\"\" data-page-limit=\"10\"><div class=\"tablesome-border tablesome-border-solid tablesome-border-slate-200 tablesome-rounded-sm tablesome-p-4  tablesome-w-full tablesome-mx-auto tablesome-my-6\">\r\n                <div class=\"tablesome-animate-pulse tablesome-space-y-4\">\r\n                    <div class=\"tablesome-flex tablesome-gap-4 tablesome-justify-end\" >\r\n                        <div class=\"tablesome-h-7 tablesome-w-40 tablesome-bg-slate-200 tablesome-rounded tablesome-col-span-1\"><\/div>\r\n                        <div class=\"tablesome-h-7 tablesome-w-20 tablesome-bg-slate-200 tablesome-rounded tablesome-col-span-2\"><\/div>\r\n                    <\/div>\r\n                    <div class=\"tablesome-h-7 tablesome-bg-slate-200 tablesome-rounded tablesome-col-span-1\"><\/div>\r\n\r\n                    <div class=\"tablesome-grid tablesome-grid-cols-4 tablesome-gap-4\">\r\n                    <div class=\"tablesome-h-6 tablesome-bg-slate-200 tablesome-rounded tablesome-col-span-1\"><\/div>\r\n                    <div class=\"tablesome-h-6 tablesome-bg-slate-200 tablesome-rounded tablesome-col-span-1\"><\/div>\r\n                    <div class=\"tablesome-h-6 tablesome-bg-slate-200 tablesome-rounded tablesome-col-span-1\"><\/div>\r\n                    <div class=\"tablesome-h-6 tablesome-bg-slate-200 tablesome-rounded tablesome-col-span-1\"><\/div>\r\n                    <\/div>\r\n\r\n                    <div class=\"tablesome-grid tablesome-grid-cols-4 tablesome-gap-4\">\r\n                    <div class=\"tablesome-h-6 tablesome-bg-slate-200 tablesome-rounded tablesome-col-span-1\"><\/div>\r\n                    <div class=\"tablesome-h-6 tablesome-bg-slate-200 tablesome-rounded tablesome-col-span-1\"><\/div>\r\n                    <div class=\"tablesome-h-6 tablesome-bg-slate-200 tablesome-rounded tablesome-col-span-1\"><\/div>\r\n                    <div class=\"tablesome-h-6 tablesome-bg-slate-200 tablesome-rounded tablesome-col-span-1\"><\/div>\r\n                    <\/div>\r\n\r\n                    <div class=\"tablesome-grid tablesome-grid-cols-4 tablesome-gap-4\">\r\n                    <div class=\"tablesome-h-6 tablesome-bg-slate-200 tablesome-rounded tablesome-col-span-1\"><\/div>\r\n                    <div class=\"tablesome-h-6 tablesome-bg-slate-200 tablesome-rounded tablesome-col-span-1\"><\/div>\r\n                    <div class=\"tablesome-h-6 tablesome-bg-slate-200 tablesome-rounded tablesome-col-span-1\"><\/div>\r\n                    <div class=\"tablesome-h-6 tablesome-bg-slate-200 tablesome-rounded tablesome-col-span-1\"><\/div>\r\n                    <\/div>\r\n\r\n                    <div class=\"tablesome-flex tablesome-gap-4 tablesome-max-w-sm tablesome-mx-auto tablesome-justify-center\">\r\n                    <div class=\"tablesome-h-5 tablesome-w-5 tablesome-bg-slate-200 tablesome-rounded tablesome-col-span-1\"><\/div>\r\n                    <div class=\"tablesome-h-5 tablesome-w-5 tablesome-bg-slate-200 tablesome-rounded tablesome-col-span-1\"><\/div>\r\n                    <div class=\"tablesome-h-5 tablesome-w-5 tablesome-bg-slate-200 tablesome-rounded tablesome-col-span-1\"><\/div>\r\n                    <div class=\"tablesome-h-5 tablesome-w-5 tablesome-bg-slate-200 tablesome-rounded tablesome-col-span-1\"><\/div>\r\n                    <div class=\"tablesome-h-5 tablesome-w-5 tablesome-bg-slate-200 tablesome-rounded tablesome-col-span-1\"><\/div>\r\n                    <div class=\"tablesome-h-5 tablesome-w-5 tablesome-bg-slate-200 tablesome-rounded tablesome-col-span-1\"><\/div>\r\n                    <\/div>\r\n                <\/div>\r\n            <\/div><\/div>\n\n\n\n<p style=\"font-size:clamp(14px, 0.875rem + ((1vw - 3.2px) * 0.531), 20px);\">Prof. Dr. H. \u00dcnal EVC\u0130M &#8211; Ege \u00dcniversitesi (Emekli \u00d6\u011fretim \u00dcyesi)<\/p>\n\n\n\n<p style=\"font-size:clamp(14px, 0.875rem + ((1vw - 3.2px) * 0.531), 20px);\">Prof. Dr. Can ERTEK\u0130N &#8211; Akdeniz \u00dcniversitesi<\/p>\n\n\n\n<p style=\"font-size:clamp(14px, 0.875rem + ((1vw - 3.2px) * 0.531), 20px);\">Prof. Dr. Hamdi B\u0130LGEN &#8211; Ege \u00dcniversitesi<\/p>\n\n\n\n<p style=\"font-size:clamp(14px, 0.875rem + ((1vw - 3.2px) * 0.531), 20px);\">Prof. Dr. Bahad\u0131r SAYINCI &#8211; Bilecik \u015eeyh Edebali \u00dcniversitesi<\/p>\n\n\n\n<p style=\"font-size:clamp(14px, 0.875rem + ((1vw - 3.2px) * 0.531), 20px);\">Prof. Dr. \u0130lknur AL\u0130BA\u015e &#8211; Bursa Uluda\u011f \u00dcniversitesi<\/p>\n\n\n\n<p style=\"font-size:clamp(14px, 0.875rem + ((1vw - 3.2px) * 0.531), 20px);\">Prof. Dr. T\u00fcrker SARA\u00c7O\u011eLU &#8211; Ayd\u0131n Adnan Menderes \u00dcniversitesi<\/p>\n\n\n\n<p style=\"font-size:clamp(14px, 0.875rem + ((1vw - 3.2px) * 0.531), 20px);\">Prof. Dr. Cengiz AKDEN\u0130Z &#8211; Ege \u00dcniversitesi<\/p>\n\n\n\n<p style=\"font-size:clamp(14px, 0.875rem + ((1vw - 3.2px) * 0.531), 20px);\">Prof. .Dr. Arda AYDIN &#8211; \u00c7anakkale Onsekiz Mart \u00dcniversitesi<\/p>\n\n\n\n<p style=\"font-size:clamp(14px, 0.875rem + ((1vw - 3.2px) * 0.531), 20px);\">Prof. Dr. G\u00fcrkan Alp Ka\u011fan G\u00dcRD\u0130L &#8211; Ondokuz May\u0131s \u00dcniversitesi<\/p>\n\n\n\n<p style=\"font-size:clamp(14px, 0.875rem + ((1vw - 3.2px) * 0.531), 20px);\">Prof. Dr. Alper TANER &#8211; Ondokuz May\u0131s \u00dcniversitesi<\/p>\n\n\n\n<p style=\"font-size:clamp(14px, 0.875rem + ((1vw - 3.2px) * 0.531), 20px);\">Prof. Dr. Osman G\u00d6KDO\u011eAN &#8211; Isparta Uygulamal\u0131 Bilimler \u00dcniversitesi <\/p>\n\n\n\n<p style=\"font-size:clamp(14px, 0.875rem + ((1vw - 3.2px) * 0.531), 20px);\">Prof. Dr. Deniz YILMAZ &#8211; Isparta Uygulamal\u0131 Bilimler \u00dcniversitesi <\/p>\n\n\n\n<p style=\"font-size:clamp(14px, 0.875rem + ((1vw - 3.2px) * 0.531), 20px);\">Prof. Dr. Harun YAL\u00c7IN &#8211; Ege \u00dcniversitesi<\/p>\n\n\n\n<p style=\"font-size:clamp(14px, 0.875rem + ((1vw - 3.2px) * 0.531), 20px);\">Prof. Dr. Birol KAYI\u015eO\u011eLU &#8211; Tekirda\u011f Nam\u0131k Kemal \u00dcniversitesi<\/p>\n\n\n\n<p style=\"font-size:clamp(14px, 0.875rem + ((1vw - 3.2px) * 0.531), 20px);\">Prof. Dr. Mehmet F\u0131rat BARAN &#8211; Siirt \u00dcniversitesi<\/p>\n\n\n\n<p style=\"font-size:clamp(14px, 0.875rem + ((1vw - 3.2px) * 0.531), 20px);\">Do\u00e7. .Dr. Osman \u00d6ZBEK Sel\u00e7uk \u00dcniversitesi<\/p>\n\n\n\n<p style=\"font-size:clamp(14px, 0.875rem + ((1vw - 3.2px) * 0.531), 20px);\">Do\u00e7. Dr. An\u0131l \u00c7AY &#8211; \u00c7anakkale Onsekiz Mart \u00dcniversitesi<\/p>\n\n\n\n<p style=\"font-size:clamp(14px, 0.875rem + ((1vw - 3.2px) * 0.531), 20px);\">Do\u00e7. Dr. Zeynep DUMANO\u011eLU &#8211; Bing\u00f6l \u00dcniversitesi<\/p>\n\n\n\n<p style=\"font-size:clamp(14px, 0.875rem + ((1vw - 3.2px) * 0.531), 20px);\">Do\u00e7. Dr. \u00d6mer EREN &#8211; Hatay Mustafa Kemal \u00dcniversitesi<\/p>\n\n\n\n<p style=\"font-size:clamp(14px, 0.875rem + ((1vw - 3.2px) * 0.531), 20px);\">Do\u00e7. Dr. El\u00e7in Ye\u015filo\u011flu CEVHER &#8211; Ondokuz May\u0131s \u00dcniversitesi<\/p>\n\n\n\n<p style=\"font-size:clamp(14px, 0.875rem + ((1vw - 3.2px) * 0.531), 20px);\">Do\u00e7. Dr. K. \u00c7a\u011fatay SELV\u0130 &#8211; Ondokuz May\u0131s \u00dcniversitesi<\/p>\n\n\n\n<p style=\"font-size:clamp(14px, 0.875rem + ((1vw - 3.2px) * 0.531), 20px);\">Do\u00e7. Dr. Taner YILDIZ- Ondokuz May\u0131s \u00dcniversitesi<\/p>\n\n\n\n<p style=\"font-size:clamp(14px, 0.875rem + ((1vw - 3.2px) * 0.531), 20px);\">Do\u00e7. Dr. Arzu YAZGI &#8211; Ege \u00dcniversitesi<\/p>\n\n\n\n<p style=\"font-size:clamp(14px, 0.875rem + ((1vw - 3.2px) * 0.531), 20px);\">Dr. \u00d6\u011fr. \u00dcyesi. H\u00fcseyin DURAN &#8211; Ondokuz May\u0131s \u00dcniversitesi<\/p>\n\n\n\n<p style=\"font-size:clamp(14px, 0.875rem + ((1vw - 3.2px) * 0.531), 20px);\">Dr. \u00d6\u011fr. \u00dcyesi Cihan DEM\u0130R &#8211; K\u0131rklareli \u00dcniversitesi <\/p>\n\n\n\n<p style=\"font-size:clamp(14px, 0.875rem + ((1vw - 3.2px) * 0.531), 20px);\">Dr. Zeynep DEM\u0130REL &#8211; T. C. Tar\u0131m ve Orman Bakanl\u0131\u011f\u0131. Tar\u0131msal Ara\u015ft\u0131rmalar ve Politikalar Genel M\u00fcd\u00fcrl\u00fc\u011f\u00fc<\/p>\n\n\n\n<p style=\"font-size:clamp(14px, 0.875rem + ((1vw - 3.2px) * 0.531), 20px);\">Ara\u015f. G\u00f6r. K. Meri\u00e7 U\u011eURLUTEPE &#8211; Ondokuz May\u0131s \u00dcniversitesi<\/p>\n\n\n\n<p style=\"font-size:clamp(14px, 0.875rem + ((1vw - 3.2px) * 0.531), 20px);\">Ara\u015f. G\u00f6r. Tu\u011fba KARAK\u00d6SE &#8211; Ondokuz May\u0131s \u00dcniversitesi<\/p>\n","protected":false},"excerpt":{"rendered":"<p>Prof. Dr. H. \u00dcnal EVC\u0130M &#8211; Ege \u00dcniversitesi (Emekli \u00d6\u011fretim \u00dcyesi) Prof. Dr. Can ERTEK\u0130N &#8211; Akdeniz \u00dcniversitesi Prof. Dr. Hamdi B\u0130LGEN &#8211; Ege \u00dcniversitesi Prof. Dr. Bahad\u0131r SAYINCI &#8211; Bilecik \u015eeyh Edebali \u00dcniversitesi Prof. Dr. \u0130lknur AL\u0130BA\u015e &#8211; Bursa Uluda\u011f \u00dcniversitesi Prof. Dr. T\u00fcrker SARA\u00c7O\u011eLU &#8211; Ayd\u0131n Adnan Menderes \u00dcniversitesi Prof. Dr. Cengiz AKDEN\u0130Z &hellip; <\/p>\n<p class=\"link-more\"><a href=\"https:\/\/tarmakder.org.tr\/tarmek2024\/index.php\/katilimcilar\/\" class=\"more-link\"><span class=\"screen-reader-text\"> &#8220;Kat\u0131l\u0131mc\u0131lar&#8221;<\/span>devam\u0131n\u0131 oku<\/a><\/p>\n","protected":false},"author":1,"featured_media":0,"parent":0,"menu_order":0,"comment_status":"closed","ping_status":"closed","template":"","meta":{"inspiro_hide_title":false,"footnotes":""},"class_list":["post-210","page","type-page","status-publish","hentry"],"_links":{"self":[{"href":"https:\/\/tarmakder.org.tr\/tarmek2024\/index.php\/wp-json\/wp\/v2\/pages\/210","targetHints":{"allow":["GET"]}}],"collection":[{"href":"https:\/\/tarmakder.org.tr\/tarmek2024\/index.php\/wp-json\/wp\/v2\/pages"}],"about":[{"href":"https:\/\/tarmakder.org.tr\/tarmek2024\/index.php\/wp-json\/wp\/v2\/types\/page"}],"author":[{"embeddable":true,"href":"https:\/\/tarmakder.org.tr\/tarmek2024\/index.php\/wp-json\/wp\/v2\/users\/1"}],"replies":[{"embeddable":true,"href":"https:\/\/tarmakder.org.tr\/tarmek2024\/index.php\/wp-json\/wp\/v2\/comments?post=210"}],"version-history":[{"count":35,"href":"https:\/\/tarmakder.org.tr\/tarmek2024\/index.php\/wp-json\/wp\/v2\/pages\/210\/revisions"}],"predecessor-version":[{"id":513,"href":"https:\/\/tarmakder.org.tr\/tarmek2024\/index.php\/wp-json\/wp\/v2\/pages\/210\/revisions\/513"}],"wp:attachment":[{"href":"https:\/\/tarmakder.org.tr\/tarmek2024\/index.php\/wp-json\/wp\/v2\/media?parent=210"}],"curies":[{"name":"wp","href":"https:\/\/api.w.org\/{rel}","templated":true}]}}